 1543527 a multiple of 141?
True
Is 6753181 a multiple of 161?
False
Is 21 a factor of 16254?
True
Is 26 a factor of 2190320?
False
Is 5041477 a multiple of 716?
False
Is 522637 a multiple of 122?
False
Does 13 divide 5286736?
True
Does 57 divide 562373?
False
Is 405450 a multiple of 153?
True
Is 291774 a multiple of 2?
True
Is 406980 a multiple of 126?
True
Is 17 a factor of 807721?
True
Is 97 a factor of 59558?
True
Is 14455 a multiple of 245?
True
Is 13 a factor of 2756972?
False
Is 1089178 a multiple of 25?
False
Is 115 a factor of 112393?
False
Is 34 a factor of 1548861?
False
Does 1029 divide 7335933?
False
Does 8 divide 495294?
False
Does 58 divide 18487?
False
Is 37696 a multiple of 32?
True
Is 1549911 a multiple of 19?
False
Is 6 a factor of 1648632?
True
Does 151 divide 372668?
True
Does 29 divide 114878?
False
Does 474 divide 3292283?
False
Is 7725816 a multiple of 800?
False
Is 4 a factor of 1437204?
True
Does 483 divide 798399?
True
Is 599506 a multiple of 42?
False
Is 12 a factor of 1559744?
False
Is 1273998 a multiple of 136?
False
Is 14 a factor of 1098258?
True
Is 988366 a multiple of 130?
False
Does 18 divide 22830250?
False
Is 56 a factor of 423481?
False
Is 636350 a multiple of 25?
True
Is 1925223 a multiple of 29?
True
Does 10 divide 2522015?
False
Is 14118328 a multiple of 61?
True
Is 143 a factor of 202160?
False
Does 5 divide 620075?
True
Is 4743946 a multiple of 77?
False
Is 5 a factor of 223255?
True
Does 57 divide 34605?
False
Is 8 a factor of 427520?
True
Is 3132 a multiple of 54?
True
Is 24480 a multiple of 17?
True
Is 43 a factor of 528015?
False
Is 67 a factor of 1126337?
True
Does 444 divide 22200?
True
Is 5 a factor of 10127?
False
Is 8100836 a multiple of 51?
False
Is 478240 a multiple of 80?
True
Does 3 divide 390602?
False
Does 28 divide 7139570?
False
Does 265 divide 1955642?
False
Does 63 divide 6031577?
False
Is 2036636 a multiple of 502?
False
Is 55 a factor of 11845?
False
Does 71 divide 110760?
True
Is 667740 a multiple of 14?
False
Is 667 a factor of 4681006?
True
Is 6837000 a multiple of 600?
True
Is 3392732 a multiple of 28?
True
Does 9 divide 422181?
True
Is 2292 a multiple of 4?
True
Does 84 divide 5543496?
True
Is 694215 a multiple of 9?
True
Is 7 a factor of 5582647?
True
Is 19021 a multiple of 8?
False
Does 194 divide 163348?
True
Is 3073086 a multiple of 13?
False
Does 885 divide 4804665?
True
Does 867 divide 2900982?
True
Is 18998772 a multiple of 52?
True
Is 90928 a multiple of 16?
True
Is 12067570 a multiple of 184?
False
Is 139372 a multiple of 68?
False
Is 1815694 even?
True
Is 107 a factor of 102827?
True
Is 15112493 a multiple of 42?
False
Is 46351 a multiple of 12?
False
Is 350 a factor of 549388?
False
Is 6 a factor of 32406?
True
Does 1002 divide 5111202?
True
Does 33 divide 4547631?
True
Is 6681430 a multiple of 31?
True
Does 4 divide 4120166?
False
Is 11 a factor of 395153?
True
Is 16 a factor of 157645?
False
Is 133 a factor of 85918?
True
Is 2080036 a multiple of 407?
False
Is 1189167 a multiple of 17?
True
Does 78 divide 6526650?
True
Does 10 divide 801860?
True
Does 19 divide 528605?
False
Does 33 divide 2727091?
False
Does 170 divide 157915?
False
Is 6204690 a multiple of 424?
False
Is 35 a factor of 337035?
False
Is 84365 a multiple of 20?
False
Is 190 a factor of 179930?
True
Is 878880 a multiple of 15?
True
Is 51 a factor of 97971?
True
Does 9 divide 1552655?
False
Does 2436 divide 9916008?
False
Is 909647 a multiple of 2?
False
Is 2403171 a multiple of 1251?
True
Is 75338 a multiple of 278?
True
Is 1110258 a multiple of 191?
False
Is 88065 a multiple of 45?
True
Does 8 divide 531832?
True
Is 35525 a multiple of 79?
False
Does 4 divide 46481?
False
Does 15 divide 47093?
False
Is 11 a factor of 47025?
True
Does 1678 divide 3280490?
True
Does 71 divide 2080987?
False
Is 299910 a multiple of 39?
True
Is 15920115 a multiple of 121?
False
Is 125 a factor of 501750?
True
Is 214841 a multiple of 708?
False
Is 44 a factor of 331944?
False
Does 25 divide 166200?
True
Is 1061887 a multiple of 258?
False
Is 3 a factor of 68121?
True
Does 108 divide 2236140?
True
Does 315 divide 17781435?
True
Is 1747418 a multiple of 954?
False
Does 16 divide 120512?
True
Does 107 divide 314547?
False
Is 344644 a multiple of 62?
False
Does 88 divide 4083376?
True
Does 6 divide 114971?
False
Is 442 a factor of 266084?
True
Does 132 divide 12632998?
False
Is 5936093 a multiple of 23?
True
Is 97251 a multiple of 77?
True
Is 112 a factor of 584528?
True
Does 43 divide 3762113?
True
Is 386187 a multiple of 109?
True
Is 101989 a multiple of 6?
False
Does 346 divide 911710?
True
Is 35 a factor of 200480?
True
Is 124488 a multiple of 504?
True
Is 2683020 a multiple of 15?
True
Is 218176 a multiple of 4?
True
Does 13 divide 4433?
True
Is 8 a factor of 164738?
False
Is 2928 even?
True
Is 384992 a multiple of 106?
True
Is 37 a factor of 706270?
False
Is 4 a factor of 17788?
True
Does 32 divide 21728?
True
Is 1285560 a multiple of 45?
True
Is 911552 a multiple of 44?
False
Does 332 divide 188093?
False
Is 245 a factor of 932225?
True
Is 20 a factor of 5525122?
False
Does 21 divide 65982?
True
Is 447 a factor of 393360?
True
Is 627 a factor of 8442400?
False
Is 18 a factor of 344574?
True
Is 108174 a multiple of 3?
True
Is 2164428 even?
True
Does 100 divide 667999?
False
Is 3742064 a multiple of 234?
False
Is 131 a factor of 4981?
False
Is 10012716 a multiple of 14?
True
Is 221 a factor of 6113366?
False
Does 17 divide 4269703?
True
Is 8 a factor of 341888?
True
Does 27 divide 223803?
True
Does 7 divide 431634?
True
Is 10 a factor of 6604624?
False
Is 682041 a multiple of 8?
False
Does 28 divide 42756?
True
Is 417852 a multiple of 212?
True
Is 43260 a multiple of 28?
True
Is 503633 a multiple of 16?
False
Is 18758 a multiple of 5?
False
Is 1438121 a multiple of 984?
False
Is 52451 a multiple of 4?
False
Is 34800 a multiple of 15?
True
Does 26 divide 7332?
True
Is 78 a factor of 215280?
True
Is 1024310 even?
True
Is 280340 a multiple of 524?
True
Is 2396989 a multiple of 201?
False
Is 121 a factor of 79477?
False
Is 13014045 a multiple of 55?
True
Is 1090089 a multiple of 21?
True
Does 386 divide 1677556?
True
Does 389 divide 137317?
True
Is 2790 a multiple of 12?
False
Does 48 divide 180048?
True
Is 252102 a multiple of 155?
False
Is 9400752 a multiple of 6?
True
Is 11 a factor of 2910996?
True
Is 2068442 a multiple of 1554?
False
Is 3534462 a multiple of 183?
True
Is 193 a factor of 1456286?
False
Is 16663 a multiple of 2?
False
Is 471275 a multiple of 74?
False
Does 438 divide 17082?
True
Is 8 a factor of 67280?
True
Does 14 divide 7574?
True
Does 37 divide 44394?
False
Is 229 a factor of 88192?
False
Is 11277378 a multiple of 861?
True
Is 377 a factor of 138031?
False
Is 115 a factor of 154202?
False
Is 36 a factor of 894276?
True
Is 912 a factor of 4167840?
True
Is 12 a factor of 274680?
True
Does 11 divide 18064?
False
Does 394 divide 3060198?
True
Is 15 a factor of 1994154?
False
Is 581 a factor of 3571701?
False
Does 32 divide 230473?
False
Is 31161 a multiple of 27?
False
Is 239560 a multiple of 8?
True
Is 57293 a multiple of 23?
True
Is 30 a factor of 14817510?
True
Is 79901 a multiple of 49?
False
Is 1036387 a multiple of 266?
False
Is 891957 a multiple of 11?
True
Is 10943 a multiple of 31?
True
Is 3 a factor of 64308?
True
Does 221 divide 384540?
True
Is 327366 a multiple of 117?
True
Does 227 divide 130979?
True
Is 195556 a multiple of 333?
False
Does 102 divide 19788?
True
Does 209 divide 168227?
False
Is 1970038 a multiple of 3?
False
Does 52 divide 1434472?
True
Is 1784516 a multiple of 144?
False
Is 11653230 a multiple of 213?
True
Does 12 divide 330297?
False
Is 818216 a multiple of 7?
True
Is 4 a factor of 36409?
False
Is 271 a factor of 96918?
False
Is 274642 a multiple of 15?
False
Does 211 divide 2562595?
True
Is 105 a factor of 11020590?
True
Does 22 divide 1602194?
True
Does 12 divide 1179204?
True
Is 5682351 a multiple of 711?
False
Is 102456 a multiple of 300?
False
Does 476 divide 3319148?
True
Is 350 a factor of 15127726?
False
Is 99 a factor of 426789?
True
Does 30 divide 23488410?
True
Is 216 a factor of 136475?
False
Is 31 a factor of 829064?
True
Is 17 a factor of 165359?
True
